{"id":503,"date":"2015-10-07T22:36:39","date_gmt":"2015-10-07T21:36:39","guid":{"rendered":"https:\/\/massage4tenerife.com\/?page_id=503"},"modified":"2015-10-07T22:36:39","modified_gmt":"2015-10-07T21:36:39","slug":"taller-de-masajes-en-pareja","status":"publish","type":"page","link":"https:\/\/massage4tenerife.com\/?page_id=503&lang=es","title":{"rendered":"TALLER DE MASAJES EN PAREJA"},"content":{"rendered":"<p><a href=\"https:\/\/massage4tenerife.com\/wp-content\/uploads\/2015\/10\/istock-1.jpg\"><img loading=\"lazy\" decoding=\"async\" class=\"alignleft size-medium wp-image-482\" src=\"https:\/\/massage4tenerife.com\/wp-content\/uploads\/2015\/10\/istock-1-300x200.jpg\" alt=\"istock 1\" width=\"300\" height=\"200\" srcset=\"https:\/\/massage4tenerife.com\/wp-content\/uploads\/2015\/10\/istock-1-300x200.jpg 300w, https:\/\/massage4tenerife.com\/wp-content\/uploads\/2015\/10\/istock-1-451x300.jpg 451w, https:\/\/massage4tenerife.com\/wp-content\/uploads\/2015\/10\/istock-1.jpg 640w\" sizes=\"auto, (max-width: 300px) 100vw, 300px\" \/><\/a>El taller de masajes para parejas es una manera ideal para aprender a dar un masaje eficaz en espalda, cabeza y cuello con la orientaci\u00f3n (gu\u00eda) de una experta en masajes. Durante las 2 horas de sesi\u00f3n, aprender\u00e9is muchas t\u00e9cnicas beneficiosas para aliviar tanto tensiones musculares como tensiones en la espalda, cuello u hombros. El taller est\u00e1 dise\u00f1ado espec\u00edficamente para tratar \u00e1reas en las que usted y su pareja presentan tensiones o molestias musculares. Durante el taller, les ense\u00f1ar\u00e9 de una manera f\u00e1cil, t\u00e9cnicas muy eficaces para reducir la tensi\u00f3n en los m\u00fasculos y que ayudan a relajar el cuerpo. Igualmente, les ense\u00f1ar\u00e9 c\u00f3mo regular la presi\u00f3n de masaje (fuerte, media o ligera) y c\u00f3mo usar su postura corporal de una forma efectiva y relajada.<\/p>\n<p>No s\u00f3lo aprender\u00e9is a daros un masaje relajado (que tambi\u00e9n os servir\u00e1 para practicar con amigos y familiares), sino que tambi\u00e9n recibir\u00e9is un maravilloso tratamiento durante el taller. Adem\u00e1s, os dar\u00e9 un \u00fatil manual para llevar a casa y practicar todo lo que hab\u00e9is aprendido. Todos los materiales que necesit\u00e9is para el taller se proporcionan en el taller. El taller en s\u00ed es muy informativo, divertido y relajante. Todas las parejas que ya han participado en \u00e9l, lo han disfrutado mucho y se han llevado una gratificante experiencia casa.<\/p>\n<p>El taller de masaje para parejas est\u00e1 disponible para los siguientes tratamientos: masaje hol\u00edstico, masaje indio para la cabeza, masaje thai yoga, masaje deportivo y reflexolog\u00eda.<\/p>\n<p>No dude en consultar las p\u00e1ginas de tratamientos para obtener m\u00e1s informaci\u00f3n sobre las terapias individuales.<a href=\"https:\/\/massage4tenerife.com\/wp-content\/uploads\/2015\/10\/iStock-deep-hands.jpg\"><img loading=\"lazy\" decoding=\"async\" class=\"alignleft size-medium wp-image-479\" src=\"https:\/\/massage4tenerife.com\/wp-content\/uploads\/2015\/10\/iStock-deep-hands-300x199.jpg\" alt=\"iStock deep hands\" width=\"300\" height=\"199\" srcset=\"https:\/\/massage4tenerife.com\/wp-content\/uploads\/2015\/10\/iStock-deep-hands-300x199.jpg 300w, https:\/\/massage4tenerife.com\/wp-content\/uploads\/2015\/10\/iStock-deep-hands.jpg 425w\" sizes=\"auto, (max-width: 300px) 100vw, 300px\" \/><\/a><\/p>\n<p>&nbsp;<\/p>\n","protected":false},"excerpt":{"rendered":"<p>El taller de masajes para parejas es una manera ideal para aprender a dar un masaje eficaz en espalda, cabeza y cuello con la orientaci\u00f3n (gu\u00eda) de una experta en masajes. Durante las 2 horas de sesi\u00f3n, aprender\u00e9is muchas t\u00e9cnicas &hellip; <a href=\"https:\/\/massage4tenerife.com\/?page_id=503&#038;lang=es\">Continue reading <span class=\"meta-nav\">&rarr;<\/span><\/a><\/p>\n","protected":false},"author":1,"featured_media":0,"parent":500,"menu_order":0,"comment_status":"closed","ping_status":"closed","template":"","meta":{"footnotes":""},"class_list":["post-503","page","type-page","status-publish","hentry"],"_links":{"self":[{"href":"https:\/\/massage4tenerife.com\/index.php?rest_route=\/wp\/v2\/pages\/503","targetHints":{"allow":["GET"]}}],"collection":[{"href":"https:\/\/massage4tenerife.com\/index.php?rest_route=\/wp\/v2\/pages"}],"about":[{"href":"https:\/\/massage4tenerife.com\/index.php?rest_route=\/wp\/v2\/types\/page"}],"author":[{"embeddable":true,"href":"https:\/\/massage4tenerife.com\/index.php?rest_route=\/wp\/v2\/users\/1"}],"replies":[{"embeddable":true,"href":"https:\/\/massage4tenerife.com\/index.php?rest_route=%2Fwp%2Fv2%2Fcomments&post=503"}],"version-history":[{"count":1,"href":"https:\/\/massage4tenerife.com\/index.php?rest_route=\/wp\/v2\/pages\/503\/revisions"}],"predecessor-version":[{"id":504,"href":"https:\/\/massage4tenerife.com\/index.php?rest_route=\/wp\/v2\/pages\/503\/revisions\/504"}],"up":[{"embeddable":true,"href":"https:\/\/massage4tenerife.com\/index.php?rest_route=\/wp\/v2\/pages\/500"}],"wp:attachment":[{"href":"https:\/\/massage4tenerife.com\/index.php?rest_route=%2Fwp%2Fv2%2Fmedia&parent=503"}],"curies":[{"name":"wp","href":"https:\/\/api.w.org\/{rel}","templated":true}]}}