{"id":515,"date":"2015-10-25T17:40:23","date_gmt":"2015-10-25T17:40:23","guid":{"rendered":"https:\/\/massage4tenerife.com\/?page_id=515&#038;lang=es"},"modified":"2018-08-26T16:57:07","modified_gmt":"2018-08-26T15:57:07","slug":"515-2","status":"publish","type":"page","link":"https:\/\/massage4tenerife.com\/?page_id=515&lang=es","title":{"rendered":""},"content":{"rendered":"<p><a href=\"https:\/\/massage4tenerife.com\/wp-content\/uploads\/2015\/06\/New-portrait-pic-300x200.jpg\"><img loading=\"lazy\" decoding=\"async\" class=\"alignleft size-medium wp-image-379\" src=\"https:\/\/massage4tenerife.com\/wp-content\/uploads\/2015\/06\/New-portrait-pic-300x200.jpg\" alt=\"New portrait pic\" width=\"300\" height=\"200\" srcset=\"https:\/\/massage4tenerife.com\/wp-content\/uploads\/2015\/06\/New-portrait-pic-300x200.jpg 300w, https:\/\/massage4tenerife.com\/wp-content\/uploads\/2015\/06\/New-portrait-pic-1024x683.jpg 1024w, https:\/\/massage4tenerife.com\/wp-content\/uploads\/2015\/06\/New-portrait-pic-450x300.jpg 450w\" sizes=\"auto, (max-width: 300px) 100vw, 300px\" \/><\/a>\u00a1Hola! Mi nombre es Ruth Plummer y soy una terapeuta cualificada en masajes con m\u00e1s de 12 a\u00f1os de experiencia en Terapias Complementarias.\u00a0 Tengo un Centro Terap\u00e9utico en Golf del Sur y El Roque en Tenerife y \u201cThe Practice Rooms\u2019 en Bristol (Reino Unido).\u00a0Algunos de mis tratamientos incluyen: <a href=\"https:\/\/massage4tenerife.com\/tratamientos\/masaje-deportivo-de-tejido-profundo\/?lang=es\">Masaje Deportivo,<\/a> <a href=\"https:\/\/massage4tenerife.com\/tratamientos\/masaje-deportivo-de-tejido-profundo\/?lang=es\">Masaje de Tejido Profundo, <\/a><a href=\"https:\/\/massage4tenerife.com\/tratamientos\/masaje-holistico\/?lang=es\">Masaje Hol\u00edstico<\/a>, <a href=\"https:\/\/massage4tenerife.com\/tratamientos\/456-2\/?lang=es\">Masaje de Yoga Tailand\u00e9s<\/a>, <a href=\"https:\/\/massage4tenerife.com\/tratamientos\/reflexologia\/?lang=es\">Reflexolog\u00eda<\/a>, <a href=\"https:\/\/massage4tenerife.com\/tratamientos\/masaje-con-piedras-calientes\/?lang=es\">Terapia con Piedras Calientes<\/a> y <a href=\"https:\/\/massage4tenerife.com\/tratamientos\/masaje-indio-para-la-cabeza\/?lang=es\">Masaje Indio para la Cabeza<\/a>. \u00a0\u00a0Aprenda m\u00e1s <a href=\"https:\/\/massage4tenerife.com\/acerca-de-mi\/?lang=es\">acerca de\u00a0m\u00ed <\/a>y c\u00f3mo trabajo.<\/p>\n<p>Si lo desea, puede hacer clic en los enlaces para obtener m\u00e1s informaci\u00f3n sobre cada terapia.<\/p>\n<p><u>Los beneficios del masaje<\/u>:<\/p>\n<p>Las terapias de masaje y reflexolog\u00eda pueden ayudar al cuerpo y a la mente a curar muchas enfermedades. Igualmente, son recomendadas para el tratamiento de dolores musculares en espalda, cuello, hombros, articulaciones, etc. as\u00ed como tambi\u00e9n lo son contra el estr\u00e9s, la depresi\u00f3n, problemas digestivos, fatiga cr\u00f3nica o insomnio.<\/p>\n<p>\u00bfQu\u00e9 tratamiento nos conviene m\u00e1s elegir?\u00a0Simplemente haga clic en los enlaces de tratamientos para averiguar m\u00e1s acerca de cada terapia individual.<\/p>\n<p>Muchos de mis clientes regulares eligen una combinaci\u00f3n de tratamientos, como por ejemplo, el Masaje Hol\u00edstico y el Masaje Indio para la cabeza.\u00a0Si est\u00e1 interesado\/a en conocer m\u00e1s a fondo cada uno de estos tratamientos no dude en ponerse <a href=\"https:\/\/massage4tenerife.com\/409-2\/?lang=es\">en contacto <\/a>conmigo.\u00a0 De la misma manera, tambi\u00e9n puede echar un vistazo a <a href=\"https:\/\/massage4tenerife.com\/preguntas-frecuentes-faqs\/?lang=es\">las preguntas m\u00e1s frecuentes (FAQ)<\/a> para obtener m\u00e1s informaci\u00f3n general sobre los masajes.<\/p>\n","protected":false},"excerpt":{"rendered":"<p>\u00a1Hola! Mi nombre es Ruth Plummer y soy una terapeuta cualificada en masajes con m\u00e1s de 12 a\u00f1os de experiencia en Terapias Complementarias.\u00a0 Tengo un Centro Terap\u00e9utico en Golf del Sur y El Roque en Tenerife y \u201cThe Practice Rooms\u2019 &hellip; <a href=\"https:\/\/massage4tenerife.com\/?page_id=515&#038;lang=es\">Continue reading <span class=\"meta-nav\">&rarr;<\/span><\/a><\/p>\n","protected":false},"author":1,"featured_media":0,"parent":0,"menu_order":0,"comment_status":"closed","ping_status":"closed","template":"","meta":{"footnotes":""},"class_list":["post-515","page","type-page","status-publish","hentry"],"_links":{"self":[{"href":"https:\/\/massage4tenerife.com\/index.php?rest_route=\/wp\/v2\/pages\/515","targetHints":{"allow":["GET"]}}],"collection":[{"href":"https:\/\/massage4tenerife.com\/index.php?rest_route=\/wp\/v2\/pages"}],"about":[{"href":"https:\/\/massage4tenerife.com\/index.php?rest_route=\/wp\/v2\/types\/page"}],"author":[{"embeddable":true,"href":"https:\/\/massage4tenerife.com\/index.php?rest_route=\/wp\/v2\/users\/1"}],"replies":[{"embeddable":true,"href":"https:\/\/massage4tenerife.com\/index.php?rest_route=%2Fwp%2Fv2%2Fcomments&post=515"}],"version-history":[{"count":2,"href":"https:\/\/massage4tenerife.com\/index.php?rest_route=\/wp\/v2\/pages\/515\/revisions"}],"predecessor-version":[{"id":567,"href":"https:\/\/massage4tenerife.com\/index.php?rest_route=\/wp\/v2\/pages\/515\/revisions\/567"}],"wp:attachment":[{"href":"https:\/\/massage4tenerife.com\/index.php?rest_route=%2Fwp%2Fv2%2Fmedia&parent=515"}],"curies":[{"name":"wp","href":"https:\/\/api.w.org\/{rel}","templated":true}]}}